s the highest common divisor of 14078999 and 1602?
89
Calculate the greatest common factor of 2208 and 4916784.
48
What is the greatest common factor of 5 and 2248420?
5
What is the highest common factor of 4401568 and 10460?
2092
Calculate the greatest common divisor of 77490329 and 133.
7
Calculate the greatest common divisor of 175910 and 88375.
35
What is the greatest common factor of 3324 and 23933908?
1108
What is the highest common factor of 3743 and 19526509?
19
What is the highest common divisor of 81 and 252399402?
81
Calculate the greatest common divisor of 35927873 and 59.
59
Calculate the highest common divisor of 9005670 and 50.
10
Calculate the greatest common divisor of 1726252 and 2068.
44
Calculate the highest common divisor of 467129411 and 3605.
721
What is the highest common divisor of 4814 and 3955282?
166
Calculate the greatest common factor of 38 and 292125570.
38
Calculate the highest common divisor of 25132 and 194829547.
6283
What is the highest common divisor of 11093546 and 2247?
107
What is the highest common factor of 24136 and 48772?
4
What is the highest common divisor of 1358 and 74256798?
1358
What is the highest common factor of 6 and 3111258?
6
What is the greatest common factor of 3821670 and 2430?
90
Calculate the highest common factor of 558920 and 1449895.
785
What is the greatest common factor of 54 and 66466926?
54
What is the greatest common factor of 195 and 150747?
3
What is the greatest common factor of 102 and 5534367?
51
What is the greatest common divisor of 2333392285 and 35?
35
Calculate the greatest common factor of 47465 and 70023820.
4315
Calculate the greatest common divisor of 513 and 321366.
57
What is the greatest common factor of 10020 and 975?
15
What is the highest common factor of 5 and 27017?
1
What is the highest common divisor of 319196 and 3658724?
1604
Calculate the greatest common divisor of 4820 and 58174990.
2410
What is the highest common divisor of 1075040 and 3520?
160
Calculate the greatest common divisor of 616 and 193032.
56
Calculate the highest common divisor of 10800 and 6098800.
400
What is the highest common divisor of 4785 and 72232620?
435
Calculate the greatest common divisor of 58005233 and 42328.
5291
Calculate the greatest common factor of 376 and 758336.
8
What is the greatest common factor of 660 and 1744800?
60
What is the greatest common factor of 114 and 240233169?
57
What is the highest common factor of 1497213 and 189?
9
What is the highest common factor of 416 and 4234919?
13
Calculate the highest common divisor of 3914 and 57429710.
206
What is the highest common factor of 3830045 and 388?
97
Calculate the highest common factor of 3400930 and 1560.
130
What is the greatest common factor of 57942686 and 6339?
2113
Calculate the highest common divisor of 1117250 and 58.
2
Calculate the greatest common factor of 48 and 67862016.
48
What is the highest common divisor of 3415417 and 87?
29
Calculate the greatest common factor of 63 and 981301104.
63
What is the highest common factor of 65 and 1051621740?
65
What is the greatest common divisor of 920 and 993416?
184
Calculate the greatest common factor of 22926577 and 7688.
961
What is the greatest common factor of 208814541 and 159?
159
What is the highest common factor of 105906 and 355281?
57
Calculate the highest common divisor of 81344 and 2214.
82
What is the highest common divisor of 742182 and 1043?
7
What is the greatest common factor of 8 and 79215?
1
Calculate the highest common divisor of 8736145 and 2337320.
4115
What is the greatest common factor of 141 and 1129749?
3
What is the highest common factor of 792 and 14816472?
264
Calculate the highest common factor of 583 and 1906509.
11
Calculate the highest common divisor of 1212 and 1490154.
606
What is the greatest common divisor of 1768 and 9312124?
68
Calculate the greatest common divisor of 1956 and 92376338.
326
What is the greatest common divisor of 59228 and 15881060?
884
Calculate the greatest common factor of 25602830 and 110.
110
What is the greatest common factor of 107293 and 5719?
19
Calculate the highest common factor of 2100 and 1096295200.
700
Calculate the greatest common divisor of 20148048 and 432.
432
What is the highest common factor of 9336 and 61539411?
1167
What is the highest common divisor of 303 and 8836591?
101
Calculate the highest common divisor of 570766 and 34071828.
9674
What is the greatest common divisor of 637830 and 126?
18
What is the highest common divisor of 3475875 and 18975?
1725
What is the greatest common factor of 62899 and 1974217?
2029
Calculate the highest common divisor of 19733012 and 976.
244
Calculate the greatest common factor of 2378270 and 128750.
1030
What is the greatest common factor of 91874871 and 8613?
8613
What is the highest common divisor of 11 and 105337177?
11
What is the greatest common factor of 1078 and 108661322?
1078
Calculate the highest common divisor of 9693 and 60362619.
1077
What is the greatest common divisor of 11031 and 5711?
1
Calculate the highest common factor of 44948 and 74392.
68
What is the greatest common factor of 9264 and 1833?
3
Calculate the greatest common divisor of 12110945 and 28160.
55
Calculate the greatest common divisor of 170791 and 81350450.
8989
What is the highest common divisor of 117975 and 858?
429
What is the highest common factor of 134 and 10876?
2
Calculate the greatest common divisor of 27392 and 1440.
32
Calculate the greatest common factor of 3131303 and 559.
43
Calculate the greatest common divisor of 64009495 and 577.
577
What is the highest common divisor of 37732600 and 675?
25
Calculate the greatest common divisor of 16774356 and 4887.
543
What is the greatest common factor of 1012698 and 612?
18
Calculate the highest common divisor of 5 and 63183655.
5
What is the greatest common factor of 37348122 and 6606?
2202
Calculate the highest common divisor of 379537927 and 23.
23
What is the greatest common factor of 1195442 and 814511?
3097
Calculate the highest common divisor of 31599906 and 2652.
1326
What is the greatest common divisor of 29892681 and 1243?
113
Calculate the greatest common divisor of 579 and 202836824.
193
Calculate the greatest common divisor of 45593 and 21082.
127
What is the highest common divisor of 11401 and 24713?
13
What is the greatest common divisor of 68 and 162883069?
17
Calculate the highest common factor of 304756 and 244.
244
What is the greatest common divisor of 38813753 and 11?
11
What is the greatest common divisor of 81 and 559161?
9
Calculate the greatest common factor of 65726 and 633778.
118
Calculate the highest common factor of 1140 and 8821605.
285
Calculate the greatest common divisor of 63 and 5490597.
21
Calculate the highest common divisor of 1031681 and 192983.
133
What is the greatest common divisor of 381 and 39949374?
381
Calculate the highest common divisor of 8274 and 2055892.
394
What is the highest common divisor of 11833460 and 540?
20
What is the highest common factor of 7795 and 1080207715?
7795
Calculate the greatest common divisor of 129515456 and 1344.
448
Calculate the greatest common factor of 8283 and 51249.
33
What is the greatest common divisor of 1196976 and 13728?
528
Calculate the highest common divisor of 70 and 279037255.
35
What is the highest common divisor of 9022660 and 3582?
398
What is the highest common divisor of 6239 and 25075?
17
Calculate the highest common divisor of 2771 and 937669.
17
What is the greatest common divisor of 45 and 18674793?
9
Calculate the greatest common factor of 2607389 and 76627.
2071
What is the highest common divisor of 119 and 51571625?
119
What is the greatest common divisor of 4927 and 3614819?
13
Calculate the highest common divisor of 1703024 and 304.
16
Calculate the greatest common factor of 1 and 3017447.
1
Calculate the greatest common divisor of 97800 and 159414.
978
What is the greatest common factor of 4781573 and 749564?
1241
Calculate the greatest common divisor of 115376 and 34000.
16
Calculate the greatest common factor of 5493419149 and 13597.
13597
Calculate the highest common factor of 3000 and 115400.
200
What is the greatest common divisor of 653940 and 27270?
270
What is the greatest common fact